 j + 835. What is the tens digit of b?
6
Let z(s) = -s**2 + 12*s - 63. Let q be z(9). What is the tens digit of 14/2 - (2 + q)?
4
Let r(w) = -w**3 - 61*w**2 - 31*w - 348. What is the ten thousands digit of r(-64)?
1
Suppose 7 = 4*c - 5. Suppose 7*q - c*q - 37 = p, 5*p - 2*q = -131. Let w = p - -53. What is the units digit of w?
8
What is the hundreds digit of -3 + -2 + 0 + -1 + 18276?
2
Suppose 2*r = s - 32, -5*s + 220 = 5*r - 0*r. Suppose 7*p - 3*p - s = 0. Suppose 12*c - 154 = p*c. What is the tens digit of c?
7
Let v be 2 + (-1 - 4 - -2711). Suppose 4*u = 16, 5*l + 7*u - v = 5*u. What is the tens digit of l?
4
Let f(v) = -1. Let b(t) = -2*t + 5. Let n(u) = 2*b(u) - 6*f(u). Let w be n(3). Suppose 4*c - w*z - z = 311, -163 = -2*c + z. What is the units digit of c?
4
What is the ten thousands digit of 7493379/187 - 90/165?
4
Let n be (-6*2/(-24))/((-2)/(-12)). Let j(r) = -2*r**2 - 5*r + 4*r - 5 + 340*r**n - 341*r**3 + 6*r. What is the tens digit of j(-6)?
0
Suppose 30*n = 19*n + 220. Let t(d) = -4*d**2 + 92*d + 43. What is the units digit of t(n)?
3
Suppose -5*n + 2*y + 90136 = 0, 0 = -222*n + 220*n + y + 36055. What is the hundreds digit of n?
0
Suppose 4*l + 6 = 6*l. Let j = -1 + l. Suppose 3*o + 168 = 4*g - o, 3*o = j*g - 84. What is the tens digit of g?
4
Let v = 870 + -591. Suppose g = 3*z + v, -2*g - z - 354 = -933. What is the units digit of g?
8
Suppose 0 = -3*x + 27265 + 39224. What is the units digit of x?
3
Let u = 529 + -782. Let b = 390 + u. Suppose b = 5*g - 158. What is the tens digit of g?
5
Let z = -11 - -15. Suppose -26*d + 574 = 61*d - 470. Suppose 2*c - 474 = -3*c + z*k, -3*k + d = 0. What is the units digit of c?
8
What is the thousands digit of (-4)/(-8)*-6964*(-492)/24?
1
Suppose 0 = 2*m - l + 249, 3*m - l + 406 = -6*l. Let t = m + 120. Let p(j) = 7*j**2 + 6*j - 10. What is the tens digit of p(t)?
9
Suppose -7*u = -1388 + 310. Suppose -54 = -10*p - u. Let w = 14 - p. What is the units digit of w?
4
Let v(d) = 10*d**2 + 7*d + 2. Let y = 214 - 208. What is the hundreds digit of v(y)?
4
Let q(n) = -48 + 35*n - 39 + 74*n + 16 - 43. What is the units digit of q(6)?
0
Let w(u) = 715*u**2 - 64*u - 7. What is the hundreds digit of w(-4)?
6
Let g = -33 - -27. Let j(h) = -h**3 - 5*h**2 + 2*h + 12. Let k be j(g). Suppose 0 = 28*i - 22*i - k. What is the units digit of i?
6
Suppose 0 = 10*a - 29*a + 17*a. Suppose 2*q - 2*u + 34 - 306 = a, -u + 278 = 2*q. What is the tens digit of q?
3
Suppose -4*z + 8*o - 4*o - 248 = 0, -z - 4*o - 77 = 0. Suppose 4*s + 5*t = -70, 4*s - 4*t - 16 = -68. What is the tens digit of z/10*2*s?
9
Let x = 24414 - 9432. What is the tens digit of x?
8
Let z be 4524/91 + (-2)/(-7). Suppose 55*x - 5 = z*x. What is the tens digit of (3 - 3)/x - -190?
9
Let m = 124759 - 57026. What is the units digit of m?
3
Let r = 60 - 51. Suppose -r = 3*i - 429. Suppose -2*w - 3*k + 56 = 0, 0 = -w + 6*w + 4*k - i. What is the tens digit of w?
2
Let m = -72 + 125. Suppose -55 = -y - m. Suppose -y*x = -3*z + 31, 2 - 12 = 5*x. What is the units digit of z?
9
Suppose 0 = -b - 4*b - s + 190, b + 4*s - 38 = 0. Suppose 0 = 2*o + 4*x - b, o = -4*x + 21. What is the tens digit of o?
1
Let r = -12 - 3. Let s = -7 - r. Suppose 3*p = -s*p + 1661. What is the hundreds digit of p?
1
Suppose -5*x + 0 = -10. Suppose -x*f + 117 = 4*c - 293, 0 = -2*c - 4*f + 202. Let j = 179 - c. What is the tens digit of j?
7
What is the tens digit of (0 + (-1 - 33145))/(241 + -242)?
4
Suppose -2*o = -4*z - 24578 - 56188, -4*o - 4*z + 161460 = 0. What is the hundreds digit of o?
3
Let r = 6612 - 4167. What is the thousands digit of r?
2
What is the ten thousands digit of 3542/6*(62 - -22)?
4
Suppose 115*v + 10*v + 1523280 = 6576155. What is the ten thousands digit of v?
4
Let x(j) = -69*j + 5. Let k(h) = -h**2 - 4*h + 9. Let n be k(-5). Let t(d) = -d**3 + 2*d**2 + 10*d - 10. Let o be t(n). What is the hundreds digit of x(o)?
1
Let d = 36775 + 10066. What is the hundreds digit of d?
8
Suppose 0 = -0*f - 2*f + 5*q + 27, -3*f + 3*q = -18. Suppose -6*k + 64 = -4*k. What is the tens digit of -7 + k - ((-1 - f) + -1)?
2
Let y = 178 + -180. Let i(k) = 35*k**2 - 3*k - 11. What is the tens digit of i(y)?
3
Suppose 0 = -15*s - 12*s + 273795 + 129585. What is the units digit of s?
0
What is the thousands digit of (-3 - 7/(-7))/((-2)/3) - -9442?
9
Let u(j) = 2*j**2 + 4*j - 4. Let z be (-6)/(-2)*3/9. Let d be 6/((z/3)/((-48)/(-108))). What is the tens digit of u(d)?
5
Suppose 2*r + 227 = -4*v + 4485, -3*r - 3189 = -3*v. What is the tens digit of v?
6
Let h = 1001 + -504. Let f = 770 - h. What is the hundreds digit of f?
2
Let z(p) = p**3 + p - 6. Let y be z(2). Suppose -y*x - 1647 = -5*l, 5*x - 4*x + 991 = 3*l. What is the hundreds digit of l?
3
Suppose 137 - 20 = -13*z. What is the hundreds digit of ((-17724)/z)/7 + (-2)/6?
2
Suppose 9 = 3*z - 0*z. Let r be (0 - -7) + 6/(-6)*z. Suppose -r*k + 19 = -37. What is the units digit of k?
4
Let n(m) = -14*m - 196. Let s be n(-15). Suppose -s*r = -100 - 96. What is the tens digit of r?
1
Let c(b) = 2*b**2 - 26*b + 26. Let p(q) = -q**2 + 7*q + 26. Let a be p(8). Let n be c(a). Suppose -3 = -3*i, -i - 264 = -3*d + n. What is the tens digit of d?
5
Suppose -11*g = -10*g - 771. Let q = -439 + g. What is the hundreds digit of q?
3
Suppose -15*m = -26*m + 11. Suppose -2*l = -u - 451, 0 = 4*u + m - 13. What is the tens digit of l?
2
Let c(f) = -f**3 - 2*f**2 + 5*f - 7. Let k be c(-4). Suppose 2*m - 4*y = 1020, -5*y + 503 = -k*m + 6*m. What is the hundreds digit of m?
5
Let l be (1 - (-839 + 2))*13/(-26). Let c = l + 473. What is the tens digit of c?
5
Let o(c) = c**3 + 25*c**2 + 44*c + 9. Let a be o(-22). Suppose -36*s + 1487 + a = 0. What is the units digit of s?
5
Let c be (-87 - -2)*32 + (32 - 29). Let f = -1887 - c. What is the tens digit of f?
3
Let y = 49 + -45. Suppose 4*i + 256 = -2*u, -y*i = -u - 0*i - 122. What is the units digit of 2/(-4)*u + 3?
6
Let j = 272 - 264. Suppose 3*s - 3*y - 252 = 0, 3 = 5*y + j. What is the units digit of s?
3
Suppose -w + 3*d = -0*w - 7, -d = 4*w - 2. Let j be w/12*6*0. Suppose -2*h = -2*f + 514, j = -3*f + 5*h - 109 + 882. What is the units digit of f?
6
Let f be -10*((-12)/4 - -5). Let j(r) = -91*r - 351. What is the thousands digit of j(f)?
1
Suppose -23*i + 54*i - 2435670 = -104*i. What is the thousands digit of i?
8
Suppose -2*d + 127 = d - 4*w, -3*d - 2*w + 139 = 0. Suppose 1 = -2*f + 3*r, 2*f + 3*f + d = -r. What is the hundreds digit of (6/8)/(f/(-2496))?
2
Let a(c) = 1427*c**3 - 15*c**2 + 15*c + 1. Suppose -14 = -26*i + 12. What is the thousands digit of a(i)?
1
Suppose 0 = -5*c + 2*h + 2*h - 210, -3*h = 4*c + 137. Let l = c + 36. What is the units digit of ((-651)/14)/(1/l)?
3
Let i(j) = -j**2. Let m(l) = 353*l**2 - 1. Let f(u) = 2*i(u) + m(u). Let c be f(-1). Let x = -242 + c. What is the units digit of x?
8
Let u(k) = -2*k - 20. Suppose -4*j = 0, -j = -4*c - 5*j - 36. Let f be u(c). Let z(x) = -7*x**3 + 2*x**2 + 2. What is the units digit of z(f)?
6
Suppose -5*f + 14 = -2*g - 9, 0 = -5*f + 5*g + 20. Suppose f = d + 3*t - 0, 2*d - 3 = t. Suppose -d*i + 407 = 107. What is the units digit of i?
0
Let x(f) = 121*f + 25. Let b be x(-7). What is the tens digit of (1 - 0) + b/(-3)?
7
Let h be 5*(29/(-20) + 1/4). Let m be -3*1192/h - (-3 - -5). Suppose 610 = 4*f + 3*d, 4*f - 3*d - 2*d = m. What is the hundreds digit of f?
1
Let g(f) = 2*f - 30. Let h be 30/(-27) + 5/45 - -19. What is the units digit of g(h)?
6
Suppose -2*y - 7203 = -5*n - 59625, -3*y - 5*n = -78683. What is the ten thousands digit of y?
2
Suppose -339*o + 3*t - 63882 = -341*o, 4*o = 3*t + 127836. What is the tens digit of o?
5
Let n(w) = -w**3 + 8*w**2 - 11*w - 3. Let l be n(6). Suppose 2*d - l*d = -10. Suppose 452 = -6*a + d*a. What is the hundreds digit of a?
1
Let q(i) = 17*i - 195. Let o be q(11). What is the units digit of (1 + -4)/(o + (-28180)/(-3524))?
1
Let f be (-1 - -3) + (-5 - -4). Let m(g) = -189*g**3 - 2*g**2 + g. Let n be m(f). What is the tens digit of ((-64)/(-80))/((-4)/n)?
3
Let z(v) = v**2 + 19*v + 16. Let q be z(-18). Let n(d) = -62*d**3 - 4*d**2 - d + 6. What is the hundreds digit of n(q)?
4
Let t(c) = -39*c**2 - 88*c - 4. Let y be t(-5). Let v = y + 841. What is the units digit of v?
2
Let z be 1 + 